t c be 3/(-5) + (-3591)/g. Let b = -65 - c. Calculate the greatest common divisor of 25 and b.
25
Let r be (-3 - 6/(-3))*13. Let o = r - -37. What is the highest common factor of o and 36?
12
Let g(x) be the third derivative of -11*x**6/10 - x**4/24 - x**3/6 + 2*x**2. Let y be g(-1). What is the greatest common divisor of 12 and y?
12
Suppose 5*l - 6*k = -2*k + 6, 0 = -5*l - 3*k + 13. Suppose -5*y - 2*x + 82 = 0, -2*y + l*x - 18 = -3*y. What is the greatest common factor of 4 and y?
4
Suppose 0 = q - 2 + 5. Let t = q + 4. Let l be -6*(-9)/2*t. Calculate the highest common divisor of l and 9.
9
Let q(j) = 2*j**3 - j**2 + 2*j - 8. Let i be q(2). Calculate the greatest common factor of i and 52.
4
Let z = 63 - -1. Calculate the highest common divisor of 8 and z.
8
Suppose -h + 6 = -7. Calculate the greatest common divisor of 78 and h.
13
Suppose 2*l - 141 = -3*c, 0*l + 4*l = 2*c + 258. Calculate the highest common divisor of 44 and l.
22
Suppose 5*q + 3*g - 537 = 0, -q = 3*q - 4*g - 404. Suppose -q = -4*t + 5*j, 3*t = 3*j + 63 + 18. Calculate the highest common divisor of 10 and t.
10
Let q(h) = 34*h - 1. Let g be q(1). Calculate the greatest common divisor of g and 22.
11
Suppose -4*u - 9 = -13. Calculate the highest common factor of u and 2.
1
Let c = 126 + -16. Let i = 5 - 3. Suppose -i*k = k - 30. What is the highest common divisor of c and k?
10
Suppose -4*g = 4*a - 100, -3*a - 141 = -5*g - 0*a. Calculate the greatest common factor of 108 and g.
27
Let n(m) = -m**3 + 11*m**2 + m + 9. Let c be n(11). Suppose 3*o - 2*o - 4*p = 14, 3*o = p + c. Calculate the greatest common factor of 3 and o.
3
Suppose 0 = 4*k - 2*k. Suppose -2*l + 9 + 3 = k. Suppose 5*z = l + 4. What is the greatest common divisor of 4 and z?
2
Suppose 2*d - 8 = -2*d. Suppose -5*n + 4*w = -25, -d = -n - w + 3. What is the greatest common factor of 10 and n?
5
Suppose -w - 1576 = -5*g, 0 = -5*w - 0*w - 5. Suppose -2*i = i - g. Let h(x) = -43*x - 1. Let l be h(-1). Calculate the greatest common factor of i and l.
21
Let t be (-3 - -6)*3*(0 + 1). Calculate the greatest common factor of t and 9.
9
Let j be (-8)/20 + 2868/20. What is the greatest common factor of 13 and j?
13
Suppose 11*z = 10*z + 3. What is the highest common factor of 57 and z?
3
Let r = 17 + -9. Suppose 0 = -3*g + 59 - r. What is the greatest common factor of 17 and g?
17
Let h(s) = s**3 - 4*s**2 - 11*s - 3. Let x be h(6). Calculate the highest common factor of x and 48.
3
Let w = 0 - -2. Suppose 3*m + 3*q = -27, -m - 5*q = w*m + 37. Let a = 26 + m. Calculate the greatest common factor of a and 33.
11
Suppose 2*f = -2*f - 3*n + 103, 5*n = -2*f + 55. Let z(s) = s**2 - 19*s + 23. Let b be z(28). What is the highest common factor of b and f?
25
Let r be 0 - -75 - (1 - -2). What is the greatest common factor of 12 and r?
12
Suppose 53 - 170 = -9*u. What is the highest common factor of 13 and u?
13
Let p be ((-8)/(-20))/(6/720). What is the greatest common factor of 12 and p?
12
Suppose 0 = -n - 2*j + 33, 0 = 5*n - j - 177 - 21. What is the highest common divisor of 13 and n?
13
Suppose 2*b + 3*r - 33 = 0, 5*b + 2*r - 34 - 43 = 0. Let c = 115 - 55. Calculate the highest common divisor of b and c.
15
Let w = -1 + 14. Let i be 2/(2 - 3) + w. Calculate the highest common factor of i and 11.
11
Suppose -6*h = -9*h + 168. What is the greatest common factor of 24 and h?
8
Let x(b) = -b**3 - 15*b**2 + 15*b - 14. Let t be x(-16). What is the highest common factor of t and 26?
2
Let i be ((-2)/(-2))/((-2)/(-14)). What is the highest common factor of i and 77?
7
Suppose 0 = 13*c + 132 - 782. Let w be 2 + 1 - (-1 + -1). Calculate the highest common factor of c and w.
5
Let a be (16/(-6))/((-10)/105). Calculate the highest common divisor of 252 and a.
28
Suppose d - 4 = 20. Suppose -l - 5*s = 11, -2*l - 2*s = -17 - 1. Let r = d - l. Calculate the highest common divisor of 50 and r.
10
Let c(z) = -z**3 - 17*z**2 + 18*z + 25. Let f be c(-18). Calculate the highest common factor of f and 25.
25
Let r be (-310)/(-34) - (-10)/(-85). Calculate the greatest common factor of 99 and r.
9
Suppose 2*i - 85 - 5 = 0. Suppose -5*p = 3*m - 42, 5*m - 31 = p - 5*p. What is the highest common divisor of p and i?
9
Suppose 2*j - 9 = -t, -2*t + 2*j = 2*t - 36. Let y be (-6)/4*(-48)/t. Suppose k - y = -k. Calculate the greatest common divisor of 4 and k.
4
Let p(s) = -s**3 - 11*s**2 + 6*s - 33. Let h be p(-12). Let r(j) = 5*j + 1. Let t be r(5). Calculate the greatest common factor of h and t.
13
Suppose -4*k - k + 327 = -3*i, -4*i = 5*k - 334. Let z be k/9 - (-14)/21. Calculate the greatest common divisor of 40 and z.
8
Let i = 159 + -138. What is the greatest common divisor of i and 336?
21
Suppose -15 = -3*q - 0. Let b(z) = z**2 - 20*z + 54. Let p be b(19). Calculate the highest common factor of p and q.
5
Suppose -7 = -4*v + 25. What is the greatest common factor of 8 and v?
8
Let o(y) = y**3 - y**2 - 1. Let x = -1 - -3. Let b be o(x). Suppose -2*k - 21 = -5*v, 0 = -2*v + 3*k - 2*k + 9. Calculate the greatest common factor of b and v.
3
Let y(s) = 4*s. Let n be y(4). Suppose -12 = -m - 4*m + t, -2*m + 3*t + 10 = 0. Calculate the highest common factor of m and n.
2
Let s be (-39)/(-12) + (-9)/(-12). Suppose 129 = 5*z - 3*t, s*t = -2*z + t + 39. What is the highest common factor of z and 24?
24
Let x(d) = d. Let u(f) = -14*f - 21. Let r(m) = u(m) - 7*x(m). Let y be r(-9). Calculate the highest common factor of y and 21.
21
Suppose -l = 1 - 3. Suppose 5*q = -5*w + 30, 2 = -l*q - 3*w + 9. Let j(z) = -z - 5. Let m be j(-6). What is the highest common factor of m and q?
1
Let n be 4 + -1 + (-3 - 6*-2). Calculate the highest common divisor of n and 8.
4
Let d(k) = -23*k - 1. Let o be d(2). Let y = o + 66. Calculate the highest common factor of 133 and y.
19
Let g = 2 - 2. Suppose 0 = -g*a - 5*a + 110. Calculate the greatest common divisor of a and 33.
11
Suppose -68 = -3*a + 49. Calculate the highest common factor of a and 26.
13
Suppose t + 418 = 12*t. Suppose 5*d = -0*g + 4*g - 203, 5*d - 253 = -4*g. Calculate the highest common factor of t and g.
19
Suppose 3*k + 2*k = -5*s + 100, -5*s + 88 = 2*k. What is the greatest common divisor of s and 24?
8
Let g(b) = -9*b. Let o be 3/((-3)/5) + 3. Let y be g(o). What is the greatest common divisor of y and 72?
18
Let p(w) = -2*w**2 - 5*w + 7. Let f be p(-5). Let y be f/15*(-80)/6. Suppose 3*u - 56 = 16. What is the highest common divisor of y and u?
8
Let k be 18/(-4)*(-24)/9. Suppose 2*t + 7 = 55. Calculate the greatest common divisor of k and t.
12
Let s = 46 + 2. Suppose 8 + 0 = 2*b. Suppose -3*a + b*j + 21 = j, 3*a - 17 = -j. Calculate the highest common factor of a and s.
6
Suppose 3*i + 93 = -3*z, -4*i - 118 = 4*z - 2*i. Let o = -6 - z. Suppose -t + 26 = -5*l, -3*t - 2*t = 5*l - 40. What is the greatest common divisor of o and t?
11
Let r(n) = -n**2 + 10*n + 6. Let q be r(11). Let c(z) = -12*z - 4. Let k be c(q). Calculate the greatest common factor of k and 28.
28
Suppose -5*w + 21 = -0*w - 4*d, -2*w - 5*d = -15. Suppose p + 2*l = 135 + 60, 933 = w*p - 4*l. Calculate the greatest common divisor of 27 and p.
27
Let x = 207 - 144. Suppose 2*u = -5*t + 33, 3*t - x - 10 = -5*u. Calculate the highest common factor of u and 14.
14
Let x(p) = p**2 + 2*p + 5. Let y be x(-8). Suppose y = c - 0*c. Let q = c + -35. What is the greatest common divisor of 2 and q?
2
Suppose -m + 5*t + 36 = 0, -m - m + 3*t = -72. What is the greatest common divisor of m and 54?
18
Let n = 109 + 41. Let h be (20/25)/(4/n). Calculate the highest common factor of h and 10.
10
Let y = 13 - 5. What is the greatest common factor of 40 and y?
8
Let n = 533 + -333. Calculate the highest common divisor of n and 25.
25
Let l be -2 - (-47 - 1) - 1. Let r = l - 16. Let d = r + -18. Calculate the highest common divisor of d and 55.
11
Let s = -91 - -157. What is the highest common factor of 44 and s?
22
Suppose -5*c = -66 - 4. Let r(t) = -18*t - 1. Let n(a) = 9*a + 1. Let m(b) = 5*n(b) + 3*r(b). Let v be m(-6). What is the greatest common divisor of c and v?
14
Suppose -4 = -b - 3*b. Let z be (-7 + 9)/(b/5). Calculate the highest common divisor of 40 and z.
10
Let y(u) be the third derivative of u**5/20 - u**4/12 + u**3 - 3*u**2. Let l be 